 s**3 + 6*s**2 - 97 + 2*s + 7*s. Suppose 5*b - 30 = 4*g, -15 = 3*g - 2*g - 5*b. What is the tens digit of v(g)?
1
Suppose -67*v = -161*v + 1421938. What is the units digit of v?
7
Let a = 16121 - 7238. What is the hundreds digit of a?
8
Suppose 5*t - 4*b = -13 + 83, 0 = -4*t - 2*b + 82. What is the thousands digit of -22*(-1161)/t + -8?
1
Let q(u) = u**3 - 16*u**2 + 29*u - 14. Let o be q(14). Suppose o = 75*z - 73*z + 14. Let p(w) = w**2 - 30. What is the units digit of p(z)?
9
Suppose 22*s + 2*i = 19*s + 5921, -3*s + 5920 = i. Let j = -854 + s. What is the hundreds digit of j?
1
Suppose 7*z + 4*z = 308. Suppose 0 = 8*v - z + 12. Suppose 5*y = -v*k + 133, 7*y + 37 = 8*y + 3*k. What is the units digit of y?
5
What is the units digit of -139 - -128 - (-1 + 687*-71)?
7
Suppose t = 1367 - 278. Suppose 8*n + t = 19*n. What is the units digit of n?
9
Let d(u) = 3*u + 16. Let q be d(-4). Suppose q*f = -f, -w = 4*f + 19. Let c = 29 + w. What is the units digit of c?
0
Let k(j) = 418*j**2 - 68*j - 499. What is the tens digit of k(-7)?
5
Let m be 3900/(-40)*60/(-1). Suppose -k + 10*k = m. What is the hundreds digit of k?
6
Let m be ((-2)/(-4))/((-2)/(-12)). Suppose 1 = 2*a - 5*k, -4*a - 32*k = -21*k + 19. What is the hundreds digit of (-4)/(-3) + a + 530/m?
1
Let d = 751 - -1048. What is the hundreds digit of d?
7
Let x(w) = 67*w**2 + 59*w - 60. What is the units digit of x(11)?
6
Let k(q) = -10*q + 4. Let w be k(-8). Let j = w + -89. What is the tens digit of (-309 + (j - -4))*1/(-2)?
5
Suppose -9*a + 11*a = 10. Suppose 1 = -h - 4*s, -2*s - 28 = -h - h. Suppose -4*b = -a*b + h. What is the units digit of b?
1
Let i = -6931 + 11479. What is the units digit of i?
8
Let d be 3/(19/(-14) - (-2)/(-14)). Let i(m) = -6*m + 5. Let w be i(d). Let l(u) = u**2 - 17*u + 11. What is the tens digit of l(w)?
1
Suppose 41*d - 1 = 40*d. Suppose 14*b = 15*b + d. What is the units digit of (b + -75 - -3)/(-1)?
3
Suppose 4*z - 7 = 5. Suppose -z*j + 1274 + 124 = 0. Suppose 8*o - 390 - j = 0. What is the units digit of o?
7
Suppose 3*i = -2*i + 1180. Let d = 351 - i. Suppose d = 2*g - 39. What is the units digit of g?
7
Suppose u + 2*p = -61, -3*u - 48 - 138 = 3*p. Let z = 63 - u. What is the units digit of z?
6
Suppose -2*h + 4*r = 0, -h - 9*r + 13*r = 6. What is the tens digit of 12/(-18)*(-4725)/h?
2
Suppose 1223*r - 1178*r - 47385 = 0. What is the units digit of r?
3
Let p be (2 - (-40)/(-18)) + (-188)/(-36). Suppose 5*n + 20 = 0, o - 712 = p*n + 331. What is the units digit of o?
3
Suppose 3*r = -5*k + 8163, 6*r - 2*r = 4*k + 10884. Suppose -12*l - 981 = -r. What is the tens digit of l?
4
Suppose -5*h - 2*f - 4399 = 0, 0 = -8*h + 3*h - 3*f - 4401. Suppose -3*s = -c - 5*s - 5, -2*c - 28 = -5*s. What is the hundreds digit of c/(-6) - h/6?
1
Let x = 11619 - -1822. What is the hundreds digit of x?
4
Let z(f) be the first derivative of -f**2/2 + 13*f + 18. Let r be z(-15). Let q = 41 - r. What is the tens digit of q?
1
Suppose 494 = 18*x - 172. Suppose x*f = 34*f + 2736. What is the units digit of f?
2
Suppose 0 = -74*o + 85*o - 136191. What is the tens digit of o?
8
Suppose 125*h + 18799 - 2080482 = -20433. What is the tens digit of h?
3
Suppose 37*b - 1160 + 50 = 0. Suppose b*j - 20244 = 16*j. What is the hundreds digit of j?
4
Let i = -248 - -241. What is the units digit of 1/1 - (i + -185)?
3
Suppose 0 = -28*y + 26*y + 2904. Suppose 184*k = 187*k - y. What is the units digit of k?
4
Let o be 24/40 + (-17)/(-5) - -1. Suppose 5*g + 10 = 0, -o*g - 2034 = -2*t - 536. What is the units digit of t?
4
Let d be ((-72)/10)/(831/120 - 7). Suppose d + 25 = z. What is the tens digit of z?
2
Let o(g) be the first derivative of -g**4/4 - 5*g**3/3 - 5*g**2/2 + 2*g + 2. Let a be (-4)/(-28)*0 + -7. What is the units digit of o(a)?
5
Let r be ((-4)/6)/((-44)/(-12) - 4). What is the tens digit of (0 + (r + -2 - -13))*25?
2
Let c be (9/(-3) + -1)*(-4)/8. Suppose -4*d = -c*d - 574. What is the tens digit of d?
8
Let d(x) be the second derivative of -x**4/12 - 55*x**3/6 + 3*x**2/2 - 303*x. What is the tens digit of d(-24)?
4
Suppose 19 = f + 7. Let r(h) = 0*h**2 - f*h + 12*h**2 + 34 - 16. What is the units digit of r(4)?
2
Let l(v) = 335*v - 95. Let x = -356 + 360. What is the hundreds digit of l(x)?
2
Let f(k) = 934*k**2 - 8*k + 6. Let m be f(1). Suppose 0 = -4*l + 2*z + m, 5*z = 3*l - 38 - 675. What is the units digit of l?
1
Let d = 11 - 9. Let w(r) = -r**2 + 10*r**d - 1 - 2*r - 3 - r**3 + 3*r. What is the units digit of w(8)?
8
Let z(a) = -a**3 + 10*a**2 - 18*a - 8. Let b be ((-10)/(-4))/(6*5/60). What is the units digit of z(b)?
7
Suppose 2*k - 122 = -2*y, -2*k + 212 = 4*y - 22. Let w be (y/(-32))/(2*(-2)/(-16)). Let g(m) = 2*m**3 + 17*m**2 + 17. What is the hundreds digit of g(w)?
1
Suppose -13*x + 31656 = -8*x - 2*y, -2*x + 12647 = -3*y. What is the hundreds digit of x?
3
Suppose -24*h = -878501 + 144413. What is the units digit of h?
7
Suppose g - 16 = -11. Let o be 78 - -1 - (5 - g). Let d = o + -42. What is the tens digit of d?
3
Let f(d) = -16332*d - 3463. What is the units digit of f(-3)?
3
Let i(g) = 8*g**2 - 29*g + 30. Let p be i(14). Suppose 0 = -5*x + 4*w + 1535, 2*x - 6*x + p = 4*w. What is the tens digit of x?
0
Let u be (30/4)/(136/16 - 7). Suppose 0 = w - u*j - 912, -20*w + 4*j - 885 = -21*w. What is the units digit of w?
7
Let o = -146 + 173. Let h(w) = -w**3 + 23*w**2 + 120*w - 51. What is the hundreds digit of h(o)?
2
Suppose 106*u + y = 108*u - 6312, 0 = 3*u - 4*y - 9478. What is the units digit of u?
4
Let y(s) = 8*s - 5*s**2 - 7*s**2 + 3*s**2 + 6*s - 2*s**2 - s**3 + 51. What is the tens digit of y(-14)?
4
Let c = 13495 + -2206. What is the thousands digit of c?
1
Suppose 36 - 41 = 5*p. Let z be (-32)/(-12)*(p - (-5)/2). Suppose 2*n - 8 = o, -2*o - 21 = -n - z*n. What is the units digit of o?
2
Suppose 0 = 3*z + 3*t - 28113, 9*t + 9371 = z + 5*t. What is the units digit of z?
1
Suppose -4*w + 3*r + 1292 = 0, 3*w - 521 = 4*r + 448. Let b = w - -1138. What is the tens digit of b?
6
What is the units digit of 5/(-5*4/20) + (-14488)/(-4)?
7
Let i = 4 - 55. Let l be (9792/128)/(3/(-4)). Let u = i - l. What is the tens digit of u?
5
Let h(f) = -f**3 + 27*f**2 + 5*f + 14. Let b be h(27). Let w = b - 86. What is the tens digit of w?
6
Suppose 8*w - s + 1772 = 10*w, 1774 = 2*w + 2*s. Suppose 61*l = 58*l + w. What is the units digit of l?
5
Let b(p) = -17*p**2 - 3*p + 2. Let y be b(1). What is the units digit of (-1)/2 - 1953/y?
8
Suppose 0 = 3*b - w - 3*w + 858, 5*w + 1113 = -4*b. Let l = b + 596. What is the hundreds digit of l?
3
Suppose 3*u - 10536 = -4*h + 7*h, 4*u - 14044 = 2*h. What is the thousands digit of u?
3
What is the tens digit of (16738 + -3)/(((-725)/(-20))/29)?
8
Suppose o + 2*o = -v + 4, -3*o + 4*v = -29. Suppose 410 = 7*i - 6*i + o*u, -u = 4*i - 1629. What is the tens digit of i?
0
Let p be ((-3)/1)/((-33)/12 + 2). Suppose -330 + 86 = p*r. Let k = 180 + r. What is the hundreds digit of k?
1
Let d = 17570 + -7589. What is the thousands digit of d?
9
Let a be 3/((9/(-12))/(-1)). Suppose 520 = 4*x + a*h, -7*x + 3*x = 2*h - 518. Suppose -2*v + 7*v = -15, -4*s - 5*v + x = 0. What is the units digit of s?
6
Let l = -90226 + 128747. What is the hundreds digit of l?
5
Suppose 4*t - 9*t - 2*u = -15, 10 = -2*u. Suppose 3 = y + t. What is the units digit of 10/20 - (1 - (-275)/y)?
7
Suppose 0 = -12*u - 2*u - 8400. Let j = u - -1134. What is the units digit of j?
4
Let z = 683 - 1274. Let o = -528 - z. What is the tens digit of o?
6
Let q(j) = 22*j**2 + 12*j + 33. Suppose 4*s - 3*g = 3*s - 23, 4*s + 5*g + 41 = 0. Let i be q(s). Suppose -16*c + i = 801. What is the tens digit of c?
1
Let w(u) = -3*u + 105*u**2 - u**3 - 7 - 94*u**2 + 0*u**3. Let y be w(7). Let z = -128 + y. What is the units digit of z?
0
Suppose 5*d = -3*z - 17, -5*z + 1 + 8 = -d. What is the units digit of 2 + (780/(-91))/(d/462)?
2
Suppose -4*z + g + 208 = 0, z - 4*g + 0*g = 67. Let u be -141*((-56)/(-24) + -2). Let v = z - u. What is the units digit of v?
8
Let v(w) = -5*w**2 + 26*w - 23. Let p be v(-10). Let g = 1330 + p. What is the units digit of g?
7
Let b be (6/(-4))/(3 + 423/(-138)). Let w(h) = h**3 + 12*h**2 - 8*h - 8. Let a be w(-13). Let m = b - a. What is the tens digit of m?
9
What is